{"id":27,"date":"2013-03-08T12:39:10","date_gmt":"2013-03-08T10:39:10","guid":{"rendered":"http:\/\/ael.utcluj.ro\/beta\/?page_id=27"},"modified":"2026-01-19T14:25:21","modified_gmt":"2026-01-19T12:25:21","slug":"personal","status":"publish","type":"page","link":"https:\/\/ael.utcluj.ro\/?page_id=27","title":{"rendered":"Personal"},"content":{"rendered":"\n<h1 class=\"personal-h1\">Personal didactic<\/h1>\n    <h2 class=\"personal-h2\">Profesori<\/h2>\n    <div class=\"personal-container\">\n        <div class=\"personal-item\">\n            <p class=\"personal-name\">prof. dr. ing. Dorin PETREU\u0218<\/p>\n            <p><em>Director de departament<\/em><\/p>\n            <p class=\"personal-email\"><a title=\"Send e-mail to Dorin Petreus\" href=\"mailto:dorin.petreus@ael.utcluj.ro\" target=\"_blank\" rel=\"noopener noreferrer\">dorin.petreus@ael.utcluj.ro<\/a><\/p>\n            <p class=\"personal-phone\">0264.401.499<\/p>\n            <p class=\"personal-address\">str. George Bari\u021biu, nr. 26 &#8211; 28, corpul B, sala M3<\/p>\n        <\/div>\n        <div class=\"personal-item\">\n            <p class=\"personal-name\">prof. dr. ing. Ovidiu POP<\/p>\n            <p class=\"personal-email\"><a title=\"Send e-mail to Dorin Petreus\" href=\"mailto:ovidiu.pop@ael.utcluj.ro\" target=\"_blank\" rel=\"noopener noreferrer\">ovidiu.pop@ael.utcluj.ro<\/a><\/p>\n            <p class=\"personal-phone\">0264.401.430<\/p>\n            <p class=\"personal-address\">str. George Bari\u021biu, nr. 26 &#8211; 28, corpul B, sala E03<\/p>\n        <\/div>\n    <\/div>\n    <h2 class=\"personal-h2\">Conferen\u021biari<\/h2>\n    <div class=\"personal-container\">\n        <div class=\"personal-item\">\n            <p class=\"personal-name\">conf. dr. ing. Gabriel CHINDRI\u0218<\/p>\n            <p class=\"personal-email\"><a title=\"Send e-mail to Dorin Petreus\" href=\"mailto:gabriel.chindris@ael.utcluj.ro\" target=\"_blank\" rel=\"noopener noreferrer\">gabriel.chindris@ael.utcluj.ro<\/a><\/p>\n            <p class=\"personal-phone\">0264.401.469<\/p>\n            <p class=\"personal-address\">str. George Bari\u021biu, nr. 26 &#8211; 28, corpul B, sala E01<\/p>\n        <\/div>\n        <div class=\"personal-item\">\n            <p class=\"personal-name\">conf. dr. ing. Cristian F\u0102RCA\u0218<\/p>\n            <p class=\"personal-email\"><a title=\"Send e-mail to Dorin Petreus\" href=\"mailto:cristian.farcas@ael.utcluj.ro\" target=\"_blank\" rel=\"noopener noreferrer\">cristian.farcas@ael.utcluj.ro<\/a><\/p>\n            <p class=\"personal-phone\">0264.401.412<\/p>\n            <p class=\"personal-address\">str. George Bari\u021biu, nr. 26 &#8211; 28, corpul A, sala 327<\/p>\n        <\/div>\n        <div class=\"personal-item\">\n            <p class=\"personal-name\">conf. dr. ing. Alin GRAMA<\/p>\n            <p class=\"personal-email\"><a title=\"Send e-mail to Dorin Petreus\" href=\"mailto:alin.grama@ael.utcluj.ro\" target=\"_blank\" rel=\"noopener noreferrer\">alin.grama@ael.utcluj.ro<\/a><\/p>\n            <p class=\"personal-phone\">0264.401.430<\/p>\n            <p class=\"personal-address\">str. George Bari\u021biu, nr. 26 &#8211; 28, corpul B, sala E03<\/p>\n        <\/div>\n        <div class=\"personal-item\">\n            <p class=\"personal-name\">conf. dr. ing. Liviu VIMAN<\/p>\n            <p class=\"personal-email\"><a title=\"Send e-mail to Dorin Petreus\" href=\"mailto:liviu.viman@ael.utcluj.ro\" target=\"_blank\" rel=\"noopener noreferrer\">liviu.viman@ael.utcluj.ro<\/a><\/p>\n            <p class=\"personal-phone\">0264.401.469<\/p>\n            <p class=\"personal-address\">str. George Bari\u021biu, nr. 26 &#8211; 28, corpul B, sala E01<\/p>\n        <\/div>\n        <div class=\"personal-item\">\n            <p class=\"personal-name\">conf. dr. ing. Septimiu POP<\/p>\n            <p class=\"personal-email\"><a title=\"Send e-mail to Dorin Petreus\" href=\"mailto:septimiu.pop@ael.utcluj.ro\" target=\"_blank\" rel=\"noopener noreferrer\">septimiu.pop@ael.utcluj.ro<\/a><\/p>\n            <p class=\"personal-phone\">0264.401.809<\/p>\n            <p class=\"personal-address\">str. Observatorului, nr. 2, sala 407<\/p>\n        <\/div>\n        <div class=\"personal-item\">\n            <p class=\"personal-name\">conf. dr. ing. Adrian C\u0103t\u0103lin TAUT<\/p>\n            <p class=\"personal-email\"><a title=\"Send e-mail to Dorin Petreus\" href=\"mailto:adrian.taut@ael.utcluj.ro\" target=\"_blank\" rel=\"noopener noreferrer\">adrian.taut@ael.utcluj.ro<\/a><\/p>\n            <p class=\"personal-phone\">0264.401.485<\/p>\n            <p class=\"personal-address\">str. George Bari\u021biu, nr. 26 &#8211; 28, corpul B, sala E05<\/p>\n        <\/div>\n        <div class=\"personal-item\">\n            <p class=\"personal-name\">conf. dr. ing. Mihai D\u0102R\u0102BAN<\/p>\n            <p class=\"personal-email\"><a title=\"Send e-mail to Dorin Petreus\" href=\"mailto:mihai.daraban@ael.utcluj.ro\" target=\"_blank\" rel=\"noopener noreferrer\">mihai.daraban@ael.utcluj.ro<\/a><\/p>\n            <p class=\"personal-phone\">0264.401.485<\/p>\n            <p class=\"personal-address\">str. George Bari\u021biu, nr. 26 &#8211; 28, corpul B, sala E05<\/p>\n        <\/div>\n        <div class=\"personal-item\">\n            <p class=\"personal-name\">conf. dr. ing. Toma P\u0102T\u0102R\u0102U<\/p>\n            <p class=\"personal-email\"><a title=\"Send e-mail to Dorin Petreus\" href=\"mailto:toma.patarau@ael.utcluj.ro\" target=\"_blank\" rel=\"noopener noreferrer\">toma.patarau@ael.utcluj.ro<\/a><\/p>\n            <p class=\"personal-phone\">0264.202.348<\/p>\n            <p class=\"personal-address\">str. C-tin Daicoviciu, nr. 15, sala 481<\/p>\n        <\/div>\n    <\/div>\n    <h2 class=\"personal-h2\">\u0218ef lucr\u0103ri<\/h2>\n    <div class=\"personal-container\">\n        <div class=\"personal-item\">\n            <p class=\"personal-name\">\u0219.l. dr. ing. Raul FIZE\u0218AN<\/p>\n            <p class=\"personal-email\"><a title=\"Send e-mail to Dorin Petreus\" href=\"mailto:raul.fizesan@ael.utcluj.ro\" target=\"_blank\" rel=\"noopener noreferrer\">raul.fizesan@ael.utcluj.ro<\/a><\/p>\n            <p class=\"personal-phone\">0264.401.485<\/p>\n            <p class=\"personal-address\">str. George Bari\u021biu, nr. 26 &#8211; 28, corpul B, sala E05<\/p>\n        <\/div>\n        <div class=\"personal-item\">\n            <p class=\"personal-name\">\u0219.l. dr. ing. Vlad BANDE<\/p>\n            <p class=\"personal-email\"><a title=\"Send e-mail to Dorin Petreus\" href=\"mailto:vlad.bande@ael.utcluj.ro\" target=\"_blank\" rel=\"noopener noreferrer\">vlad.bande@ael.utcluj.ro<\/a><\/p>\n            <p class=\"personal-phone\">0264.401.809<\/p>\n            <p class=\"personal-address\">str. Observatorului, nr. 2, sala 407<\/p>\n        <\/div>\n        <div class=\"personal-item\">\n            <p class=\"personal-name\">\u0219.l. dr. ing. Ionu\u021b CIOCAN<\/p>\n            <p class=\"personal-email\"><a title=\"Send e-mail to Dorin Petreus\" href=\"mailto:ionut.ciocan@ael.utcluj.ro\" target=\"_blank\" rel=\"noopener noreferrer\">ionut.ciocan@ael.utcluj.ro<\/a><\/p>\n            <p class=\"personal-phone\">0264.401.411<\/p>\n            <p class=\"personal-address\">str. George Bari\u021biu, nr. 26 &#8211; 28, corpul A, sala 321<\/p>\n        <\/div>\n        <div class=\"personal-item\">\n            <p class=\"personal-name\">\u0219.l. dr. ing. Radu ETZ<\/p>\n            <p class=\"personal-email\"><a title=\"Send e-mail to Dorin Petreus\" href=\"mailto:radu.etz@ael.utcluj.ro\" target=\"_blank\" rel=\"noopener noreferrer\">radu.etz@ael.utcluj.ro<\/a><\/p>\n            <p class=\"personal-phone\">0264.202.348<\/p>\n            <p class=\"personal-address\">str. C-tin Daicoviciu, nr. 15, sala 481<\/p>\n        <\/div>\n        <div class=\"personal-item\">\n            <p class=\"personal-name\">\u0219.l. dr. ing. Rajmond J\u00c1N\u00d3<\/p>\n            <p class=\"personal-email\"><a title=\"Send e-mail to Dorin Petreus\" href=\"mailto:rajmond.jano@ael.utcluj.ro\" target=\"_blank\" rel=\"noopener noreferrer\">rajmond.jano@ael.utcluj.ro<\/a><\/p>\n            <p class=\"personal-phone\">0264.401.485<\/p>\n            <p class=\"personal-address\">str. George Bari\u021biu, nr. 26 &#8211; 28, corpul B, sala E05<\/p>\n        <\/div>\n        <div class=\"personal-item\">\n            <p class=\"personal-name\">\u0219.l. dr. ing. Ionel BACIU<\/p>\n            <p class=\"personal-email\"><a title=\"Send e-mail to Dorin Petreus\" href=\"mailto:ionel.baciu@ael.utcluj.ro\" target=\"_blank\" rel=\"noopener noreferrer\">ionel.baciu@ael.utcluj.ro<\/a><\/p>\n            <p class=\"personal-phone\">0264.401.469<\/p>\n            <p class=\"personal-address\">str. George Bari\u021biu, nr. 26 &#8211; 28, corpul B, sala E01<\/p>\n        <\/div>\n        <div class=\"personal-item\">\n            <p class=\"personal-name\">\u0219.l. dr. ing. Alexandra FODOR<\/p>\n            <p class=\"personal-email\"><a title=\"Send e-mail to Dorin Petreus\" href=\"mailto:alexandra.fodor@ael.utcluj.ro\" target=\"_blank\" rel=\"noopener noreferrer\">alexandra.fodor@ael.utcluj.ro<\/a><\/p>\n            <p class=\"personal-phone\">0264.401.469<\/p>\n            <p class=\"personal-address\">str. George Bari\u021biu, nr. 26 &#8211; 28, corpul B, sala E01<\/p>\n        <\/div>\n        <div class=\"personal-item\">\n            <p class=\"personal-name\">\u0219.l. dr. ing. Eniko L\u00c1Z\u00c1R<\/p>\n            <p class=\"personal-email\"><a title=\"Send e-mail to Dorin Petreus\" href=\"mailto:Eniko.Lazar@ael.utcluj.ro\" target=\"_blank\" rel=\"noopener noreferrer\">Eniko.Lazar@ael.utcluj.ro<\/a><\/p>\n            <p class=\"personal-phone\">0264.202.348<\/p>\n            <p class=\"personal-address\">str. C-tin Daicoviciu, nr. 15, sala 481<\/p>\n        <\/div>\n<div class=\"personal-item\">\n            <p class=\"personal-name\">\u0219.l. dr. ing. Elena \u0218TE\u021aCO<\/p>\n            <p class=\"personal-email\"><a title=\"Send e-mail to Elena \u0218TE\u021aCO\" href=\"mailto:elena.stetco@ael.utcluj.ro\" target=\"_blank\" rel=\"noopener noreferrer\">elena.stetco@ael.utcluj.ro<\/a><\/p>\n            <p class=\"personal-phone\">0264.401.430<\/p>\n            <p class=\"personal-address\">str. George Bari\u021biu, nr. 26 &#8211; 28, corpul B, sala E03<\/p>\n        <\/div>\n        <div class=\"personal-item\">\n            <p class=\"personal-name\">\u0219.l. dr. ing. Adelina Ioana ILIE\u0218<\/p>\n            <p class=\"personal-email\"><a title=\"Send e-mail to Adelina Ilies\" href=\"mailto:adelina.ilies@ael.utcluj.ro\" target=\"_blank\" rel=\"noopener noreferrer\">adelina.ilies@ael.utcluj.ro<\/a><\/p>\n            <p class=\"personal-phone\">0264.401.485<\/p>\n            <p class=\"personal-address\">str. George Bari\u021biu, nr. 26 &#8211; 28, corpul B, sala E01<\/p>\n        <\/div>\n    <\/div>\n    <h2 class=\"personal-h2\">Asisten\u021bi<\/h2>\n    <div class=\"personal-container\">\n        <div class=\"personal-item\">\n            <p class=\"personal-name\">asist. drd. ing. Mirela OLTEANU<\/p>\n            <p class=\"personal-email\"><a title=\"Send e-mail to Mirela OLTEANU\" href=\"mailto:mirela.olteanu@ael.utcluj.ro\" target=\"_blank\" rel=\"noopener noreferrer\">mirela.olteanu@ael.utcluj.ro<\/a><\/p>\n            <p class=\"personal-phone\">0264.401.485<\/p>\n            <p class=\"personal-address\">str. George Bari\u021biu, nr. 26 &#8211; 28, corpul B, sala E01<\/p>\n        <\/div>\n        <div class=\"personal-item\">\n            <p class=\"personal-name\">asist. drd. ing. Cristina DAVIDA\u0218<\/p>\n            <p class=\"personal-email\"><a title=\"Send e-mail to Cristina DAVIDA\u0218\" href=\"mailto:cristina.davidas@ael.utcluj.ro\" target=\"_blank\" rel=\"noopener noreferrer\">cristina.davidas@ael.utcluj.ro<\/a><\/p>\n            <p class=\"personal-phone\">0264.401.485<\/p>\n            <p class=\"personal-address\">str. George Bari\u021biu, nr. 26 &#8211; 28, corpul B, sala E01<\/p>\n        <\/div>\n    <\/div>\n<\/body>\n\n<h1 class=\"personal-h1\">Personal administrativ<\/h1>\n<div class=\"personal-container\">\n    <div class=\"personal-item\">\n        <p class=\"personal-name\">tehn. Simona F\u00c2NT\u00c2N\u0102<\/p>\n        <p class=\"personal-email\"><a title=\"Send e-mail to Simona F\u00c2NT\u00c2N\u0102\" href=\"mailto:simona.fantana@ael.utcluj.ro\" target=\"_blank\" rel=\"noopener noreferrer\">simona.fantana@ael.utcluj.ro<\/a><\/p>\n        <p class=\"personal-phone\">0264.401.225<\/p>\n        <p class=\"personal-address\">str. George Bari\u021biu, nr. 26 &#8211; 28, corpul B, sala E06<\/p>\n    <\/div>\n<\/div>\n","protected":false},"excerpt":{"rendered":"<p>Personal didactic Profesori prof. dr. ing. Dorin PETREU\u0218 Director de departament dorin.petreus@ael.utcluj.ro 0264.401.499 str. George Bari\u021biu, nr. 26 &#8211; 28, corpul B, sala M3 prof. dr. ing. Ovidiu POP ovidiu.pop@ael.utcluj.ro 0264.401.430 str. George Bari\u021biu, nr. 26 &#8211; 28, corpul B, sala E03 Conferen\u021biari conf. dr. ing. Gabriel CHINDRI\u0218 gabriel.chindris@ael.utcluj.ro 0264.401.469 str. George Bari\u021biu, nr. 26 [&hellip;]<\/p>\n","protected":false},"author":2,"featured_media":0,"parent":0,"menu_order":0,"comment_status":"closed","ping_status":"open","template":"","meta":{"footnotes":""},"class_list":["post-27","page","type-page","status-publish","hentry"],"_links":{"self":[{"href":"https:\/\/ael.utcluj.ro\/index.php?rest_route=\/wp\/v2\/pages\/27","targetHints":{"allow":["GET"]}}],"collection":[{"href":"https:\/\/ael.utcluj.ro\/index.php?rest_route=\/wp\/v2\/pages"}],"about":[{"href":"https:\/\/ael.utcluj.ro\/index.php?rest_route=\/wp\/v2\/types\/page"}],"author":[{"embeddable":true,"href":"https:\/\/ael.utcluj.ro\/index.php?rest_route=\/wp\/v2\/users\/2"}],"replies":[{"embeddable":true,"href":"https:\/\/ael.utcluj.ro\/index.php?rest_route=%2Fwp%2Fv2%2Fcomments&post=27"}],"version-history":[{"count":153,"href":"https:\/\/ael.utcluj.ro\/index.php?rest_route=\/wp\/v2\/pages\/27\/revisions"}],"predecessor-version":[{"id":1846,"href":"https:\/\/ael.utcluj.ro\/index.php?rest_route=\/wp\/v2\/pages\/27\/revisions\/1846"}],"wp:attachment":[{"href":"https:\/\/ael.utcluj.ro\/index.php?rest_route=%2Fwp%2Fv2%2Fmedia&parent=27"}],"curies":[{"name":"wp","href":"https:\/\/api.w.org\/{rel}","templated":true}]}}